 when 3286 is divided by 92.
66
Calculate the remainder when 7220 is divided by 909.
857
What is the remainder when 1888 is divided by 123?
43
What is the remainder when 80 is divided by 74?
6
What is the remainder when 173 is divided by 8?
5
What is the remainder when 42730 is divided by 37?
32
What is the remainder when 324298 is divided by 34?
6
What is the remainder when 1823 is divided by 65?
3
What is the remainder when 2435499 is divided by 337?
0
What is the remainder when 523 is divided by 191?
141
What is the remainder when 3020 is divided by 1423?
174
Calculate the remainder when 518032 is divided by 2272.
16
What is the remainder when 878 is divided by 182?
150
Calculate the remainder when 111985 is divided by 172.
13
What is the remainder when 7922 is divided by 156?
122
Calculate the remainder when 28507 is divided by 1015.
87
What is the remainder when 584973 is divided by 56?
53
What is the remainder when 264130 is divided by 506?
504
Calculate the remainder when 2892 is divided by 85.
2
Calculate the remainder when 8398 is divided by 8396.
2
Calculate the remainder when 23894 is divided by 74.
66
Calculate the remainder when 2048 is divided by 757.
534
Calculate the remainder when 4035 is divided by 806.
5
What is the remainder when 38401 is divided by 13?
12
Calculate the remainder when 10793 is divided by 5327.
139
What is the remainder when 71497 is divided by 23798?
103
Calculate the remainder when 8493 is divided by 649.
56
What is the remainder when 10915 is divided by 161?
128
Calculate the remainder when 28336 is divided by 401.
266
What is the remainder when 417545 is divided by 94?
91
Calculate the remainder when 139635 is divided by 327.
6
What is the remainder when 13629 is divided by 78?
57
What is the remainder when 150841 is divided by 62?
57
Calculate the remainder when 22572 is divided by 7520.
12
What is the remainder when 6054 is divided by 1624?
1182
What is the remainder when 20650 is divided by 6859?
73
Calculate the remainder when 2032694 is divided by 344.
342
Calculate the remainder when 62308 is divided by 558.
370
What is the remainder when 1088 is divided by 210?
38
What is the remainder when 194574 is divided by 1342?
1326
Calculate the remainder when 111498 is divided by 79.
29
What is the remainder when 5936 is divided by 395?
11
Calculate the remainder when 27775 is divided by 38.
35
What is the remainder when 12902 is divided by 7?
1
What is the remainder when 113698 is divided by 4?
2
Calculate the remainder when 1785740 is divided by 16.
12
What is the remainder when 40018 is divided by 2856?
34
What is the remainder when 175805 is divided by 7991?
3
What is the remainder when 2207 is divided by 663?
218
Calculate the remainder when 90799 is divided by 16.
15
Calculate the remainder when 369548 is divided by 63.
53
Calculate the remainder when 94 is divided by 84.
10
Calculate the remainder when 606539 is divided by 20.
19
Calculate the remainder when 37685 is divided by 18.
11
Calculate the remainder when 25481 is divided by 12715.
51
What is the remainder when 7190 is divided by 40?
30
Calculate the remainder when 4192 is divided by 477.
376
What is the remainder when 4064684 is divided by 48?
44
Calculate the remainder when 1337 is divided by 465.
407
What is the remainder when 760613 is divided by 6614?
3
What is the remainder when 3685 is divided by 3667?
18
What is the remainder when 26630 is divided by 605?
10
Calculate the remainder when 4943 is divided by 1642.
17
Calculate the remainder when 5016 is divided by 304.
152
Calculate the remainder when 15913 is divided by 877.
127
Calculate the remainder when 161397 is divided by 4361.
40
What is the remainder when 24017 is divided by 178?
165
What is the remainder when 6888 is divided by 624?
24
What is the remainder when 12540 is divided by 418?
0
Calculate the remainder when 76496 is divided by 1127.
987
What is the remainder when 578159 is divided by 438?
437
Calculate the remainder when 8260 is divided by 635.
5
Calculate the remainder when 43099 is divided by 4308.
19
Calculate the remainder when 12352 is divided by 45.
22
What is the remainder when 2564 is divided by 45?
44
Calculate the remainder when 4600 is divided by 308.
288
Calculate the remainder when 60026 is divided by 8571.
29
Calculate the remainder when 190067 is divided by 282.
281
Calculate the remainder when 33360 is divided by 4167.
24
What is the remainder when 1861 is divided by 430?
141
Calculate the remainder when 23069 is divided by 4609.
24
Calculate the remainder when 143774 is divided by 135.
134
Calculate the remainder when 5055 is divided by 2372.
311
What is the remainder when 2176 is divided by 232?
88
Calculate the remainder when 10150 is divided by 90.
70
What is the remainder when 68035 is divided by 378?
373
What is the remainder when 844452 is divided by 93828?
0
Calculate the remainder when 572414 is divided by 465.
464
Calculate the remainder when 80379 is divided by 10.
9
Calculate the remainder when 80635 is divided by 593.
580
What is the remainder when 1050343 is divided by 367?
356
What is the remainder when 101590 is divided by 16930?
10
Calculate the remainder when 39452 is divided by 23.
7
What is the remainder when 7948 is divided by 1984?
12
What is the remainder when 29455 is divided by 1963?
10
What is the remainder when 5923 is divided by 141?
1
Calculate the remainder when 4803 is divided by 6.
3
What is the remainder when 500 is divided by 90?
50
What is the remainder when 39950 is divided by 907?
42
Calculate the remainder when 22590 is divided by 5647.
2
What is the remainder when 1027348 is divided by 50?
48
Calculate the remainder when 179238 is divided by 25.
13
Calculate the remainder when 223894 is divided by 177.
166
Calculate the remainder when 79140 is divided by 154.
138
Calculate the remainder when 24328 is divided by 8106.
10
Calculate the remainder when 305587 is divided by 127.
25
Calculate the remainder when 1047 is divided by 42.
39
Calculate the remainder when 74409 is divided by 451.
445
What is the remainder when 224502 is divided by 22?
14
What is the remainder when 371259 is divided by 1073?
1
Calculate the remainder when 23378 is divided by 181.
29
Calculate the remainder when 34551 is divided by 30.
21
Calculate the remainder when 55577 is divided by 1423.
80
What is the remainder when 88823 is divided by 282?
275
Calculate the remainder when 14940 is divided by 241.
239
Calculate the remainder when 2034 is divided by 282.
60
What is the remainder when 7646 is divided by 102?
98
Calculate the remainder when 2780 is divided by 2748.
32
What is the remainder when 17704 is divided by 20?
4
What is the remainder when 4851 is divided by 549?
459
What is the remainder when 74705 is divided by 12448?
17
Calculate the remainder when 3805 is divided by 609.
151
What is the remainder when 567619 is divided by 113522?
9
Calculate the remainder when 111791 is divided by 51.
50
What is the remainder when 9355 is divided by 258?
67
What is the remainder when 4166 is divided by 694?
2
Calculate the remainder when 5334 is divided by 82.
4
Calculate the remainder when 5003 is divided by 166.
23
Calculate the remainder when 40600 is divided by 406.
0
What is the remainder when 63192 is divided by 38?
36
What is the remainder when 27958 is divided by 683?
638
What is the remainder when 24178 is divided by 1012?
902
Calculate the remainder when 11880 is divided by 42.
36
Calculate the remainder when 1416 is divided by 651.
114
What is the remainder when 17694 is divided by 513?
252
Calculate the remainder when 33767 is divided by 8418.
95
Calculate the remainder when 367 is divided by 179.
9
Calculate the remainder when 8517 is divided by 2049.
321
Calculate the remainder when 77418 is divided by 301.
61
What is the remainder when 20514 is divided by 55?
54
Calculate the remainder when 33167 is divided by 30.
17
What is the remainder when 4316 is divided by 3660?
656
Calculate the remainder when 20384 is divided by 486.
458
Calculate the remainder when 10810 is divided by 105.
100
What is the remainder when 4043 is divided by 175?
18
Calculate the remainder when 126427 is divided by 37.
35
Calculate the remainder when 1528